17471611.
59, 296129
List the prime factors of 2492240.
2, 5, 31153
List the prime factors of 9239771.
107, 86353
List the prime factors of 362891.
41, 53, 167
What are the prime factors of 1770250?
2, 5, 73, 97
List the prime factors of 35194234.
2, 17597117
List the prime factors of 293387.
73, 4019
What are the prime factors of 921952?
2, 47, 613
List the prime factors of 192449.
223, 863
List the prime factors of 157933.
157933
List the prime factors of 11446129.
127, 90127
What are the prime factors of 2344719?
3, 13, 59, 1019
List the prime factors of 10953484.
2, 2738371
What are the prime factors of 217039?
17, 751
What are the prime factors of 3955006?
2, 11, 59, 277
What are the prime factors of 73487?
43, 1709
List the prime factors of 3587.
17, 211
List the prime factors of 826338.
2, 3, 137723
List the prime factors of 13729333.
467, 29399
List the prime factors of 217351.
217351
What are the prime factors of 13899824?
2, 868739
What are the prime factors of 7064717?
11, 642247
List the prime factors of 260825.
5, 10433
What are the prime factors of 14855?
5, 2971
List the prime factors of 1086728.
2, 135841
What are the prime factors of 34151?
13, 37, 71
List the prime factors of 7035239.
7035239
List the prime factors of 1835702.
2, 11, 181, 461
List the prime factors of 103018.
2, 19, 2711
What are the prime factors of 1107911?
7, 163, 971
List the prime factors of 34490.
2, 5, 3449
What are the prime factors of 60601?
60601
What are the prime factors of 9588906?
2, 3, 67, 7951
List the prime factors of 5050246.
2, 2525123
List the prime factors of 444257.
11, 40387
What are the prime factors of 93276?
2, 3, 2591
List the prime factors of 617590.
2, 5, 151, 409
What are the prime factors of 445568?
2, 59
What are the prime factors of 30245461?
30245461
What are the prime factors of 283063?
11, 25733
What are the prime factors of 10954067?
31, 307, 1151
What are the prime factors of 188517?
3, 7, 47, 191
What are the prime factors of 42294?
2, 3, 7, 19, 53
List the prime factors of 1423473.
3, 474491
What are the prime factors of 12169814?
2, 97, 62731
What are the prime factors of 11581955?
5, 7, 11, 67, 449
List the prime factors of 273586.
2, 29, 53, 89
List the prime factors of 11968820.
2, 5, 379, 1579
List the prime factors of 37995431.
37995431
List the prime factors of 3269243.
23, 307, 463
What are the prime factors of 8068019?
8068019
List the prime factors of 434081.
434081
List the prime factors of 954467.
61, 15647
What are the prime factors of 14726699?
13, 1132823
List the prime factors of 4396026.
2, 3, 61, 12011
List the prime factors of 2472408.
2, 3, 23, 1493
List the prime factors of 2183054.
2, 1091527
List the prime factors of 497268.
2, 3, 19, 727
List the prime factors of 193505.
5, 13, 229
What are the prime factors of 299202?
2, 3, 47, 1061
List the prime factors of 453641.
453641
List the prime factors of 17490395.
5, 13, 41, 6563
What are the prime factors of 11362908?
2, 3, 47, 20147
List the prime factors of 858440.
2, 5, 11, 1951
What are the prime factors of 216955?
5, 43391
What are the prime factors of 8861098?
2, 47, 107, 881
List the prime factors of 173544.
2, 3, 7, 1033
List the prime factors of 339364.
2, 37, 2293
List the prime factors of 288467.
288467
What are the prime factors of 3182134?
2, 739, 2153
What are the prime factors of 330502?
2, 257, 643
List the prime factors of 2042672.
2, 43, 2969
What are the prime factors of 479250?
2, 3, 5, 71
What are the prime factors of 12236819?
7, 41, 6091
List the prime factors of 1884949.
11, 349, 491
List the prime factors of 11190161.
2969, 3769
List the prime factors of 1451628.
2, 3, 13441
What are the prime factors of 5319977?
13, 47, 8707
What are the prime factors of 928894?
2, 464447
What are the prime factors of 7142521?
7142521
What are the prime factors of 1824477?
3, 29, 67, 313
List the prime factors of 137669.
7, 71, 277
What are the prime factors of 769339?
769339
What are the prime factors of 3053545?
5, 11, 59, 941
What are the prime factors of 747002?
2, 373501
What are the prime factors of 448056?
2, 3, 7, 127
What are the prime factors of 12402457?
12402457
What are the prime factors of 562093?
7, 59, 1361
What are the prime factors of 18043771?
29, 89, 6991
List the prime factors of 615745.
5, 13, 9473
List the prime factors of 6173015.
5, 1234603
What are the prime factors of 3390836?
2, 439, 1931
List the prime factors of 1779325.
5, 103, 691
What are the prime factors of 364720?
2, 5, 47, 97
What are the prime factors of 7722754?
2, 13, 317, 937
List the prime factors of 218142.
2, 3, 12119
List the prime factors of 177430.
2, 5, 11, 1613
List the prime factors of 14442102.
2, 3, 802339
List the prime factors of 213745.
5, 7, 31, 197
List the prime factors of 37038.
2, 3, 6173
What are the prime factors of 18045805?
5, 3609161
List the prime factors of 3195635.
5, 31, 53, 389
List the prime factors of 6158679.
3, 19, 103, 1049
List the prime factors of 704487.
3, 7, 33547
List the prime factors of 119330.
2, 5, 11933
What are the prime factors of 607802?
2, 13, 97, 241
What are the prime factors of 85233?
3, 28411
List the prime factors of 10709770.
2, 5, 61, 97, 181
What are the prime factors of 10756942?
2, 7, 768353
What are the prime factors of 13334793?
3, 47, 94573
What are the prime factors of 1359448?
2, 109, 1559
List the prime factors of 131753.
359, 367
What are the prime factors of 677371?
677371
What are the prime factors of 1424900?
2, 5, 14249
What are the prime factors of 781312?
2, 7, 109
List the prime factors of 800745.
3, 5, 11, 23, 211
What are the prime factors of 6278002?
2, 41, 76561
What are the prime factors of 755688?
2, 3, 23, 37
List the prime factors of 376088.
2, 53, 887
List the prime factors of 437117.
29, 15073
List the prime factors of 121012.
2, 30253
What are the prime factors of 70035?
3, 5, 7, 23, 29
List the prime factors of 484932.
2, 3, 7, 23, 251
List the prime factors of 8505676.
2, 23, 59, 1567
List the prime factors of 3132979.
3132979
What are the prime factors of 5958081?
3, 23, 107, 269
List the prime factors of 80823.
3, 29, 929
What are the prime factors of 15367008?
2, 3, 160073
What are the prime factors of 385679?
7, 17, 463
What are the prime factors of 273325?
5, 13, 29
List the prime factors of 447140.
2, 5, 79, 283
List the prime factors of 288344.
2, 7, 19, 271
List the prime factors of 3244240.
2, 5, 107, 379
List the prime factors of 10517761.
149, 70589
List the prime factors of 1487146.
2, 743573
What are the prime factors of 55952?
2, 13, 269
What are the prime factors of 556350?
2, 3, 5, 3709
List the prime factors of 14682127.
31, 473617
What are the prime factors of 902760?
2, 3, 5, 7523
What are the prime factors of 130856?
2, 11, 1487
What are the prime factors of 2491455?
3, 5, 163, 1019
List the prime factors of 13587175.
5, 7, 77641
What are the prime factors of 1860913?
191, 9743
List the prime factors of 943560.
2, 3, 5, 2621
List the prime factors of 1237917.
3, 412639
List the prime factors of 21123.
3, 2347
List the prime factors of 1541321.
29, 53149
What are the prime factors of 242350?
2, 5, 37, 131
What are the prime factors of 5554726?
2, 19, 127, 1151
List the prime factors of 877391.
199, 4409
List the prime factors of 30773147.
29, 1061143
What are the prime factors of 245789?
245789
What are the prime factors of 3527156?
2, 839, 1051
List the prime factors of 392454.
2, 3, 21803
List the prime factors of 58799.
13, 4523
List the prime factors of 1098904.
2, 137363
List the prime factors of 12546738.
2, 3, 41, 1889
What are the prime factors of 23283058?
2, 73, 159473
List the prime factors of 1326556.
2, 7, 11, 59, 73
List the prime factors of 3008732.
2, 752183
What are the prime factors of 454209?
3, 7, 43, 503
List the prime factors of 2208291.
3, 736097
List the prime factors of 1352087.
11, 101, 1217
List the prime factors of 469024.
2, 14657
What are the prime factors of 264227?
131, 2017
What are the prime factors of 14736006?
2, 3, 1123
What are the prime factors of 12887494?
2, 47, 71, 1931
What are the prime factors of 340938?
2, 3, 13, 31, 47
List the prime factors of 199342.
2, 11, 13, 17, 41
What are the prime factors 